{"id":27,"date":"2021-02-01T18:11:50","date_gmt":"2021-02-01T18:11:50","guid":{"rendered":"https:\/\/aseguate.com\/blog\/home\/"},"modified":"2021-02-24T21:24:34","modified_gmt":"2021-02-24T21:24:34","slug":"home","status":"publish","type":"page","link":"https:\/\/aseguate.com\/blog\/","title":{"rendered":"Home"},"content":{"rendered":"\n\n<span class=\"d2edcug0 hpfvmrgz qv66sw1b c1et5uql rrkovp55 a8c37x1j keod5gw0 nxhoafnm aigsh9s9 d3f4x2em fe6kdd0r mau55g9w c8b282yb iv3no6db gfeo3gy3 a3bd9o3v knj5qynh oo9gr5id\" dir=\"auto\">\u00a1No importa d\u00f3nde est\u00e9s!<\/span>\n\n<p><span dir=\"auto\">Dentro o fuera de Guatemala, 24 horas todo el a\u00f1o. Ll\u00e1manos al PBX:2388-6868 Ext.1 siempre.<\/span><\/p>\n\n\n\n\n\n\n\n\r\n\r\n\n\n\n<span class=\"d2edcug0 hpfvmrgz qv66sw1b c1et5uql rrkovp55 a8c37x1j keod5gw0 nxhoafnm aigsh9s9 d3f4x2em fe6kdd0r mau55g9w c8b282yb iv3no6db gfeo3gy3 a3bd9o3v knj5qynh oo9gr5id\" dir=\"auto\">Tranquilidad, es lo m\u00e1s importante por ahora.<\/span>\n\n<p><span dir=\"auto\">Y nuestro seguro para empresas<span><\/span> lo incluye. Solic\u00edtalo al <span><a href=\"https:\/\/wa.me\/50235657316?fbclid=IwAR2IWXrXA1PohQ3p2tTTSsVCABiUbiDrjN6TcOmDqk0V-dOZATh2iM2xnxE\" rel=\"nofollow noopener\" role=\"link\" tabindex=\"0\" target=\"_blank\">https:\/\/wa.me\/50235657316<\/a><\/span> o con tu corredor de confianza.<\/span><\/p>\n\n\n\n\nAseguradora Guatemalteca S.A.\n\n<p style=\"text-align: justify;\">Tenemos muy claro  que, en Guatemala, la actividad del sector \nasegurador posee una enorme  capacidad para generar desarrollo econ\u00f3mico\n en el pa\u00eds, buscando estar a la  vanguardia en tecnolog\u00eda, adapt\u00e1ndose a\n las nuevas formas de operaci\u00f3n de los  diversos servicios en el ramo de\n seguros, aunado a las exigencias de los  clientes que demandan una \nmayor calidad en instalaciones, atenci\u00f3n, coberturas,  productos y\/o \nservicios. <br><\/p><br>\n\n  <p style=\"text-align: justify;\">    Aseguradora Guatemalteca S.A. no ajena a estas demandas,  se \nencuentra inmersa en todas las exigencias que esto implica, y es por \nello  que en los \u00faltimos a\u00f1os se ha caracterizado por sus constantes \ncambios  encaminados al crecimiento de imagen, servicios, calidad, \nvariedad y  actualizaci\u00f3n de productos, derivado de la visi\u00f3n \nemprendedora fijada en nuestros  planes de empresa anuales.<\/p>\n\n\n","protected":false},"excerpt":{"rendered":"","protected":false},"author":1,"featured_media":0,"parent":0,"menu_order":0,"comment_status":"closed","ping_status":"closed","template":"","meta":{"footnotes":""},"class_list":["post-27","page","type-page","status-publish","hentry"],"_links":{"self":[{"href":"https:\/\/aseguate.com\/blog\/wp-json\/wp\/v2\/pages\/27","targetHints":{"allow":["GET"]}}],"collection":[{"href":"https:\/\/aseguate.com\/blog\/wp-json\/wp\/v2\/pages"}],"about":[{"href":"https:\/\/aseguate.com\/blog\/wp-json\/wp\/v2\/types\/page"}],"author":[{"embeddable":true,"href":"https:\/\/aseguate.com\/blog\/wp-json\/wp\/v2\/users\/1"}],"replies":[{"embeddable":true,"href":"https:\/\/aseguate.com\/blog\/wp-json\/wp\/v2\/comments?post=27"}],"version-history":[{"count":12,"href":"https:\/\/aseguate.com\/blog\/wp-json\/wp\/v2\/pages\/27\/revisions"}],"predecessor-version":[{"id":98,"href":"https:\/\/aseguate.com\/blog\/wp-json\/wp\/v2\/pages\/27\/revisions\/98"}],"wp:attachment":[{"href":"https:\/\/aseguate.com\/blog\/wp-json\/wp\/v2\/media?parent=27"}],"curies":[{"name":"wp","href":"https:\/\/api.w.org\/{rel}","templated":true}]}}